{"id":118,"date":"2020-05-14T19:32:57","date_gmt":"2020-05-14T19:32:57","guid":{"rendered":"http:\/\/yerdenizkooperatifi.org\/?page_id=118"},"modified":"2026-02-05T09:24:46","modified_gmt":"2026-02-05T09:24:46","slug":"anasayfa","status":"publish","type":"page","link":"https:\/\/yerdenizkooperatifi.org\/","title":{"rendered":""},"content":{"rendered":"\n<section id=\"section-187f9d25-a316-4f54-a98f-24d8dd8d33a6\" class=\"wp-block-gutentor-advanced-columns gutentor-section gutentor-advanced-columns\"><div class=\"grid-container\"><div class=\"grid-row\">\n<section id=\"section-0bcf8a6c-d294-4293-bcbb-dcadbef0d3ce\" class=\"wp-block-gutentor-single-column gutentor-single-column  grid-lg-3 grid-md-12 grid-12 has-color-bg has-custom-bg\">\n<section id=\"section-dd4e1d2b-0c01-4d92-a6e2-a5f408940a94\" class=\"wp-block-gutentor-icon-box gutentor-section gutentor-icon-wrapper icon-template2\"><div class=\"grid-container\"><div class=\"grid-row gutentor-grid-item-wrap\"><div class=\"gutentor-grid-column grid-lg-12 grid-md-4 grid-12\"><div class=\"gutentor-single-item gutentor-icon gutentor-single-item-0\"><a class=\"gutentor-single-item-box-link\" href=\"http:\/\/yerdenizkooperatifi.org\/index.php\/anasayfa\/gida\/\" target=\"_blank\" rel=\"noopener noreferrer\"><div class=\"gutentor-single-item-wrap\"><div class=\"gutentor-single-item-icon-box\"><i class=\"fas fa-seedling\"><\/i><\/div><div class=\"gutentor-single-item-content\"><h3 class=\"gutentor-single-item-title\">GIDA<\/h3><\/div><\/div><\/a><\/div><\/div><div class=\"gutentor-grid-column grid-lg-12 grid-md-4 grid-12\"><div class=\"gutentor-single-item gutentor-icon gutentor-single-item-1\"><a class=\"gutentor-single-item-box-link\" href=\"http:\/\/yerdenizkooperatifi.org\/index.php\/anasayfa\/faaliyet-alanlari\/teknik-elemanlar\/\" target=\"_blank\" rel=\"noopener noreferrer\"><div class=\"gutentor-single-item-wrap\"><div class=\"gutentor-single-item-icon-box\"><i class=\"fas fa-cogs\"><\/i><\/div><div class=\"gutentor-single-item-content\"><h3 class=\"gutentor-single-item-title\">YERDEN\u0130Z TEKN\u0130K<\/h3><\/div><\/div><\/a><\/div><\/div><div class=\"gutentor-grid-column grid-lg-12 grid-md-4 grid-12\"><div class=\"gutentor-single-item gutentor-icon gutentor-single-item-2\"><a class=\"gutentor-single-item-box-link\" href=\"https:\/\/yerdenizkooperatifi.org\/index.php\/kultur-ve-sanat\/\" target=\"_blank\" rel=\"noopener noreferrer\"><div class=\"gutentor-single-item-wrap\"><div class=\"gutentor-single-item-icon-box\"><i class=\"fas fa-feather\"><\/i><\/div><div class=\"gutentor-single-item-content\"><h3 class=\"gutentor-single-item-title\">K\u00dcLT\u00dcR SANAT<\/h3><\/div><\/div><\/a><\/div><\/div><\/div><\/div><\/section>\n\n\n\n<h4 class=\"has-text-align-center underlined has-text-color\" style=\"color:#d09c11\">DUYURULAR<\/h4>\n\n\n<section class=\"gutentor-post-module section-9b316dcd-6b88-4a62-95ce-241c732d2e61 gutentor-post-module-p1 gutentor_p1_template1 gutentor-blog-grid\" id=\"9b316dcd-6b88-4a62-95ce-241c732d2e61\" data-gbid=\"9b316dcd-6b88-4a62-95ce-241c732d2e61\" >\n<div class='grid-container'><div class='grid-row' ><article class='gutentor-post  grid-lg-12 grid-md-4 grid-12'><div class=\"gutentor-post-item\"><div class=\"gutentor-post-image-box\"><a class=\"gutentor-post-image-link \" href=\"https:\/\/yerdenizkooperatifi.org\/index.php\/2026\/02\/09\/filistin-direnis-ekonomisi-yayimlandi-toprakla-kurulan-direnisin-hikayesi\/\"  rel=\"noopener noreferrer\"><div class=\"gutentor-image-thumb\"><img width=\"584\" height=\"365\" src=\"https:\/\/yerdenizkooperatifi.org\/wp-content\/uploads\/2026\/02\/filistin-direnis-ekonomisi-yayimlandi-toprakla-kurulan-direnisin-hikayesi-584x365.jpg\" class=\"attachment-medium size-medium wp-post-image\" alt=\"\" loading=\"lazy\" srcset=\"https:\/\/yerdenizkooperatifi.org\/wp-content\/uploads\/2026\/02\/filistin-direnis-ekonomisi-yayimlandi-toprakla-kurulan-direnisin-hikayesi-584x365.jpg 584w, https:\/\/yerdenizkooperatifi.org\/wp-content\/uploads\/2026\/02\/filistin-direnis-ekonomisi-yayimlandi-toprakla-kurulan-direnisin-hikayesi-840x525.jpg 840w, https:\/\/yerdenizkooperatifi.org\/wp-content\/uploads\/2026\/02\/filistin-direnis-ekonomisi-yayimlandi-toprakla-kurulan-direnisin-hikayesi-768x480.jpg 768w, https:\/\/yerdenizkooperatifi.org\/wp-content\/uploads\/2026\/02\/filistin-direnis-ekonomisi-yayimlandi-toprakla-kurulan-direnisin-hikayesi.jpg 1200w\" sizes=\"(max-width: 584px) 100vw, 584px\" \/><\/div><\/a><\/div><div class=\"gutentor-post-title-data-wrap\"><h5 class=\"gutentor-post-title\"><a href=\"https:\/\/yerdenizkooperatifi.org\/index.php\/2026\/02\/09\/filistin-direnis-ekonomisi-yayimlandi-toprakla-kurulan-direnisin-hikayesi\/\" rel=\"bookmark\">Filistin Direni\u015f Ekonomisi Yay\u0131mland\u0131: Toprakla Kurulan Direni\u015fin Hik\u00e2yesi<\/a><\/h5><\/div><div class=\"gutentor-post-desc\">YerDeniz Kooperatifi Yay\u0131nlar\u0131 Filistin\u2019de g\u00fcndelik hayat\u0131n \u00f6rg\u00fctlenmesi konusunu Filistin Direni\u015f E&hellip;<\/div><\/div><\/article><\/div><\/div><\/section><\/section>\n\n\n\n<section id=\"section-2c2f8f1b-b30d-419e-a639-3e9e9d7b915c\" class=\"wp-block-gutentor-single-column gutentor-single-column  grid-lg-9 grid-md-12 grid-12\">\n<h4 class=\"has-text-align-center has-text-color\" style=\"color:#d09c11\">HABERLER<\/h4>\n\n\n\n<section id=\"g16b1e9\" class=\"wp-block-gutentor-p4 section-g16b1e9 gutentor-post-module gutentor-advanced-post-module\" data-gpid=\"118\" data-l-ani=\"gp4-animation-1\" data-i-b=\"gutentor\/p1\" data-maxnumpages=\"6\">\n<div id=\"section-g0ec54c\" class=\"wp-block-gutentor-e16 section-g0ec54c gutentor-element gutentor-post-header gutentor-equal-column-height\"><div class=\"grid-container\"><div class=\"grid-row\">\n<div id=\"col-gmf5c548\" class=\"wp-block-gutentor-e15 gutentor-single-column  grid-lg-5 grid-md-5 grid-5\"><div id=\"section-gmf5c548\" class=\"section-gmf5c548 gutentor-col-wrap\"><\/div><\/div>\n<\/div><\/div><\/div>\n\n\n<section class=\"gutentor-post-module section-6b73238e-4219-4eec-ab24-484c7df4891f gutentor-post-module-p1 gutentor_p1_template1 gutentor-blog-list\" id=\"6b73238e-4219-4eec-ab24-484c7df4891f\" data-gbid=\"6b73238e-4219-4eec-ab24-484c7df4891f\" >\n<div class='grid-container'><div class='grid-row' ><article class='gutentor-post'><div class=\"gutentor-post-item\"><div class=\"gutentor-post-image-box\"><a class=\"gutentor-post-image-link \" href=\"https:\/\/yerdenizkooperatifi.org\/index.php\/2026\/04\/12\/kampus-bostanlari-ile-siledeyiz\/\"  rel=\"noopener noreferrer\"><div class=\"gutentor-image-thumb\"><img width=\"500\" height=\"280\" src=\"https:\/\/yerdenizkooperatifi.org\/wp-content\/uploads\/2026\/04\/tarla-3-500x280.jpeg\" class=\"attachment-thumbnail size-thumbnail wp-post-image\" alt=\"\" loading=\"lazy\" srcset=\"https:\/\/yerdenizkooperatifi.org\/wp-content\/uploads\/2026\/04\/tarla-3-500x280.jpeg 500w, https:\/\/yerdenizkooperatifi.org\/wp-content\/uploads\/2026\/04\/tarla-3-1360x765.jpeg 1360w\" sizes=\"(max-width: 500px) 100vw, 500px\" \/><\/div><\/a><\/div><div class=\"gutentor-post-content\"><div class=\"gutentor-post-title-data-wrap\"><h5 class=\"gutentor-post-title\"><a href=\"https:\/\/yerdenizkooperatifi.org\/index.php\/2026\/04\/12\/kampus-bostanlari-ile-siledeyiz\/\" rel=\"bookmark\">Kamp\u00fcs Bostanlar\u0131 \u0130le \u015eile&#8217;deyiz<\/a><\/h5><\/div><div class=\"gutentor-post-desc\">\u0130stanbul\u2019da bulunan \u0130T\u00dc Devrim Bostan\u0131, \u0130T\u00dc Ayaza\u011fa Bostan\u0131, Bilgi Bostan\u0131 ve Bo\u011fazi\u00e7i Tarlataban\u2019\u0131n&hellip;<\/div><\/div><\/div><\/article><article class='gutentor-post'><div class=\"gutentor-post-item\"><div class=\"gutentor-post-image-box\"><a class=\"gutentor-post-image-link \" href=\"https:\/\/yerdenizkooperatifi.org\/index.php\/2026\/03\/24\/cevrimici-agroekoloji-toplantilari-basladi\/\"  rel=\"noopener noreferrer\"><div class=\"gutentor-image-thumb\"><img width=\"500\" height=\"280\" src=\"https:\/\/yerdenizkooperatifi.org\/wp-content\/uploads\/2026\/04\/agroekoloji_toplanti_07042026-500x280.jpeg\" class=\"attachment-thumbnail size-thumbnail wp-post-image\" alt=\"\" loading=\"lazy\" \/><\/div><\/a><\/div><div class=\"gutentor-post-content\"><div class=\"gutentor-post-title-data-wrap\"><h5 class=\"gutentor-post-title\"><a href=\"https:\/\/yerdenizkooperatifi.org\/index.php\/2026\/03\/24\/cevrimici-agroekoloji-toplantilari-basladi\/\" rel=\"bookmark\">\u00c7evrimi\u00e7i Agroekoloji Toplant\u0131lar\u0131 Ba\u015flad\u0131<\/a><\/h5><\/div><div class=\"gutentor-post-desc\">\u00c7ift\u00e7iden \u00e7ift\u00e7iye \u00f6\u011frenme pratiklerini geli\u015ftirmek, yerelde ki bilgileri bir araya getirebilmek i\u00e7i&hellip;<\/div><\/div><\/div><\/article><article class='gutentor-post'><div class=\"gutentor-post-item\"><div class=\"gutentor-post-image-box\"><a class=\"gutentor-post-image-link \" href=\"https:\/\/yerdenizkooperatifi.org\/index.php\/2026\/02\/28\/kampus-bostanlari-ve-kitap-tanitimi\/\"  rel=\"noopener noreferrer\"><div class=\"gutentor-image-thumb\"><img width=\"500\" height=\"280\" src=\"https:\/\/yerdenizkooperatifi.org\/wp-content\/uploads\/2026\/03\/kampus-bostanlari4-500x280.jpeg\" class=\"attachment-thumbnail size-thumbnail wp-post-image\" alt=\"\" loading=\"lazy\" srcset=\"https:\/\/yerdenizkooperatifi.org\/wp-content\/uploads\/2026\/03\/kampus-bostanlari4-500x280.jpeg 500w, https:\/\/yerdenizkooperatifi.org\/wp-content\/uploads\/2026\/03\/kampus-bostanlari4-1360x765.jpeg 1360w\" sizes=\"(max-width: 500px) 100vw, 500px\" \/><\/div><\/a><\/div><div class=\"gutentor-post-content\"><div class=\"gutentor-post-title-data-wrap\"><h5 class=\"gutentor-post-title\"><a href=\"https:\/\/yerdenizkooperatifi.org\/index.php\/2026\/02\/28\/kampus-bostanlari-ve-kitap-tanitimi\/\" rel=\"bookmark\">Kamp\u00fcs Bostanlar\u0131 ve Kitap Tan\u0131t\u0131m\u0131<\/a><\/h5><\/div><div class=\"gutentor-post-desc\">\u0130stanbul&#8217;da bulunan Devrim Bostan\u0131, Ayaza\u011fa Bostan\u0131, Bilgi Bostan\u0131 ve Bo\u011fazi\u00e7i Tarlataban&#8217;\u0131n bir ara&hellip;<\/div><\/div><\/div><\/article><article class='gutentor-post'><div class=\"gutentor-post-item\"><div class=\"gutentor-post-image-box\"><a class=\"gutentor-post-image-link \" href=\"https:\/\/yerdenizkooperatifi.org\/index.php\/2026\/02\/09\/filistin-direnis-ekonomisi-yayimlandi-toprakla-kurulan-direnisin-hikayesi\/\"  rel=\"noopener noreferrer\"><div class=\"gutentor-image-thumb\"><img width=\"500\" height=\"280\" src=\"https:\/\/yerdenizkooperatifi.org\/wp-content\/uploads\/2026\/02\/filistin-direnis-ekonomisi-yayimlandi-toprakla-kurulan-direnisin-hikayesi-500x280.jpg\" class=\"attachment-thumbnail size-thumbnail wp-post-image\" alt=\"\" loading=\"lazy\" \/><\/div><\/a><\/div><div class=\"gutentor-post-content\"><div class=\"gutentor-post-title-data-wrap\"><h5 class=\"gutentor-post-title\"><a href=\"https:\/\/yerdenizkooperatifi.org\/index.php\/2026\/02\/09\/filistin-direnis-ekonomisi-yayimlandi-toprakla-kurulan-direnisin-hikayesi\/\" rel=\"bookmark\">Filistin Direni\u015f Ekonomisi Yay\u0131mland\u0131: Toprakla Kurulan Direni\u015fin Hik\u00e2yesi<\/a><\/h5><\/div><div class=\"gutentor-post-desc\">YerDeniz Kooperatifi Yay\u0131nlar\u0131 Filistin\u2019de g\u00fcndelik hayat\u0131n \u00f6rg\u00fctlenmesi konusunu Filistin Direni\u015f E&hellip;<\/div><\/div><\/div><\/article><article class='gutentor-post'><div class=\"gutentor-post-item\"><div class=\"gutentor-post-image-box\"><a class=\"gutentor-post-image-link \" href=\"https:\/\/yerdenizkooperatifi.org\/index.php\/2026\/02\/02\/filistin-direnis-ekonomisi-kitabi-tanitim-etkinligi-duzenlendi\/\"  rel=\"noopener noreferrer\"><div class=\"gutentor-image-thumb\"><img width=\"500\" height=\"280\" src=\"https:\/\/yerdenizkooperatifi.org\/wp-content\/uploads\/2026\/02\/filistin-kitap-etkinligi4-1-500x280.jpeg\" class=\"attachment-thumbnail size-thumbnail wp-post-image\" alt=\"\" loading=\"lazy\" srcset=\"https:\/\/yerdenizkooperatifi.org\/wp-content\/uploads\/2026\/02\/filistin-kitap-etkinligi4-1-500x280.jpeg 500w, https:\/\/yerdenizkooperatifi.org\/wp-content\/uploads\/2026\/02\/filistin-kitap-etkinligi4-1-1360x765.jpeg 1360w\" sizes=\"(max-width: 500px) 100vw, 500px\" \/><\/div><\/a><\/div><div class=\"gutentor-post-content\"><div class=\"gutentor-post-title-data-wrap\"><h5 class=\"gutentor-post-title\"><a href=\"https:\/\/yerdenizkooperatifi.org\/index.php\/2026\/02\/02\/filistin-direnis-ekonomisi-kitabi-tanitim-etkinligi-duzenlendi\/\" rel=\"bookmark\">Filistin Direni\u015f Ekonomisi Kitab\u0131 Tan\u0131t\u0131m Etkinli\u011fi D\u00fczenlendi<\/a><\/h5><\/div><div class=\"gutentor-post-desc\">YerDeniz Kooperatifi yay\u0131nlar\u0131n\u0131n ikinci kitab\u0131 Filistin Direni\u015f Ekonomisi kitab\u0131 yay\u0131mland\u0131. Kitap &hellip;<\/div><\/div><\/div><\/article><article class='gutentor-post'><div class=\"gutentor-post-item\"><div class=\"gutentor-post-image-box\"><a class=\"gutentor-post-image-link \" href=\"https:\/\/yerdenizkooperatifi.org\/index.php\/2026\/01\/30\/yerdeniz-kooperatifinde-kitap-tanitimi-filistin-direnis-ekonomisi\/\"  rel=\"noopener noreferrer\"><div class=\"gutentor-image-thumb\"><img width=\"500\" height=\"280\" src=\"https:\/\/yerdenizkooperatifi.org\/wp-content\/uploads\/2026\/01\/260130_filistin-direnis-ekonomisi-1024x576-1-500x280.png\" class=\"attachment-thumbnail size-thumbnail wp-post-image\" alt=\"\" loading=\"lazy\" srcset=\"https:\/\/yerdenizkooperatifi.org\/wp-content\/uploads\/2026\/01\/260130_filistin-direnis-ekonomisi-1024x576-1-500x280.png 500w, https:\/\/yerdenizkooperatifi.org\/wp-content\/uploads\/2026\/01\/260130_filistin-direnis-ekonomisi-1024x576-1-649x365.png 649w, https:\/\/yerdenizkooperatifi.org\/wp-content\/uploads\/2026\/01\/260130_filistin-direnis-ekonomisi-1024x576-1-768x432.png 768w, https:\/\/yerdenizkooperatifi.org\/wp-content\/uploads\/2026\/01\/260130_filistin-direnis-ekonomisi-1024x576-1.png 1024w\" sizes=\"(max-width: 500px) 100vw, 500px\" \/><\/div><\/a><\/div><div class=\"gutentor-post-content\"><div class=\"gutentor-post-title-data-wrap\"><h5 class=\"gutentor-post-title\"><a href=\"https:\/\/yerdenizkooperatifi.org\/index.php\/2026\/01\/30\/yerdeniz-kooperatifinde-kitap-tanitimi-filistin-direnis-ekonomisi\/\" rel=\"bookmark\">YerDeniz Kooperatifi\u2019nde Kitap Tan\u0131t\u0131m\u0131: \u201cFilistin Direni\u015f Ekonomisi\u201d<\/a><\/h5><\/div><div class=\"gutentor-post-desc\">YerDeniz Kooperatifi Yay\u0131nlar\u0131\u2019n\u0131n derledi\u011fi Filistin Direni\u015f Ekonomisi &#8211; I. \u0130ntifada\u2019n\u0131n Zafer Bah\u00e7&hellip;<\/div><\/div><\/div><\/article><\/div><\/div><\/section>\n\n\n<div id=\"section-g3ce6c2\" class=\"wp-block-gutentor-e17 section-g3ce6c2 gutentor-element gutentor-post-footer\"><div class=\"grid-container\"><div class=\"grid-row\">\n<div id=\"col-gmf257ba\" class=\"wp-block-gutentor-e15 gutentor-single-column  grid-lg-12 grid-md-12 grid-12\"><div id=\"section-gmf257ba\" class=\"section-gmf257ba gutentor-col-wrap\">\n<div id=\"section-gefebea\" class=\"wp-block-gutentor-e12 section-gefebea gutentor-element gutentor-element-pagination text-align-center-mobile\"><div class=\"gutentor-pagination-wrap\" data-maxnumpages=\"6\"><ul class=\"gutentor-pagination\"><li class=\"gutentor-pagination-item gutentor-pagination-prev\"><a class=\"gutentor-pagination-link gutentor-disabled\" href=\"#\"><i class=\"fas fa-chevron-left\"><\/i>Previous<\/a><\/li><li class=\"gutentor-pagination-item gutentor-pagination-active\" data-gpage=\"1\"><a class=\"gutentor-pagination-link\" href=\"#\">1<\/a><\/li><li class=\"gutentor-pagination-item\"><a class=\"gutentor-pagination-link\" href=\"#\" data-gpage=\"2\">2<\/a><\/li><li class=\"gutentor-pagination-item\"><a class=\"gutentor-pagination-link\" href=\"#\" data-gpage=\"3\">3<\/a><\/li><li class=\"gutentor-pagination-item\"><a class=\"gutentor-pagination-link\" href=\"#\" data-gpage=\"4\">4<\/a><\/li><li class=\"gutentor-pagination-item gutentor-pagination-dots\"><a class=\"gutentor-pagination-link\" href=\"#\">&#8230;<\/a><\/li><li class=\"gutentor-pagination-item\"><a class=\"gutentor-pagination-link\" href=\"#\" data-gpage=\"6\">6<\/a><\/li><li class=\"gutentor-pagination-item gutentor-pagination-next\"><a class=\"gutentor-pagination-link\" href=\"#\" data-gpage=\"2\">Next<i class=\"fas fa-chevron-right\"><\/i><\/a><\/li><\/ul><\/div><\/div>\n<\/div><\/div>\n<\/div><\/div><\/div>\n<\/section>\n<\/section>\n<\/div><\/div><\/section>\n","protected":false},"excerpt":{"rendered":"","protected":false},"author":1,"featured_media":0,"parent":0,"menu_order":0,"comment_status":"closed","ping_status":"closed","template":"","meta":[],"_links":{"self":[{"href":"https:\/\/yerdenizkooperatifi.org\/index.php\/wp-json\/wp\/v2\/pages\/118"}],"collection":[{"href":"https:\/\/yerdenizkooperatifi.org\/index.php\/wp-json\/wp\/v2\/pages"}],"about":[{"href":"https:\/\/yerdenizkooperatifi.org\/index.php\/wp-json\/wp\/v2\/types\/page"}],"author":[{"embeddable":true,"href":"https:\/\/yerdenizkooperatifi.org\/index.php\/wp-json\/wp\/v2\/users\/1"}],"replies":[{"embeddable":true,"href":"https:\/\/yerdenizkooperatifi.org\/index.php\/wp-json\/wp\/v2\/comments?post=118"}],"version-history":[{"count":113,"href":"https:\/\/yerdenizkooperatifi.org\/index.php\/wp-json\/wp\/v2\/pages\/118\/revisions"}],"predecessor-version":[{"id":2616,"href":"https:\/\/yerdenizkooperatifi.org\/index.php\/wp-json\/wp\/v2\/pages\/118\/revisions\/2616"}],"wp:attachment":[{"href":"https:\/\/yerdenizkooperatifi.org\/index.php\/wp-json\/wp\/v2\/media?parent=118"}],"curies":[{"name":"wp","href":"https:\/\/api.w.org\/{rel}","templated":true}]}}