{"id":189,"date":"2020-05-18T17:58:09","date_gmt":"2020-05-18T17:58:09","guid":{"rendered":"http:\/\/yerdenizkooperatifi.org\/?page_id=189"},"modified":"2021-02-07T17:53:29","modified_gmt":"2021-02-07T17:53:29","slug":"teknik-elemanlar","status":"publish","type":"page","link":"https:\/\/yerdenizkooperatifi.org\/index.php\/anasayfa\/faaliyet-alanlari\/teknik-elemanlar\/","title":{"rendered":"YerDeniz At\u00f6lye"},"content":{"rendered":"\n<p>Uzun senelere dayanan kooperatif tecr\u00fcbemizi, sa\u011fl\u0131kl\u0131 ve adil g\u0131dan\u0131n yan\u0131s\u0131ra, bir\u00e7ok farkl\u0131 faaliyet alan\u0131na ta\u015f\u0131mak i\u00e7in 2019 senesinin Nisan ay\u0131nda YerDeniz \u00e7at\u0131s\u0131 alt\u0131nda biraraya geldik. <\/p>\n\n\n\n<section id=\"gmef7a1c2\" class=\"wp-block-gutentor-m4 section-gmef7a1c2 gutentor-module gutentor-advanced-columns\"><div class=\"grid-container\"><div class=\"grid-row\">\n<div id=\"col-gm36100b\" class=\"wp-block-gutentor-m4-col col-gm36100b gutentor-single-column  grid-lg-4 grid-md-12 grid-12\"><div id=\"section-gm36100b\" class=\"section-gm36100b gutentor-col-wrap\">\n<p class=\"has-text-align-center\"><strong>Dayan\u0131\u015fma Projeleri<\/strong><\/p>\n\n\n<section class=\"gutentor-post-module section-c0ee5ebd-9342-4db0-961a-da6afd1f51c1 gutentor-post-module-p1 gutentor_p1_template1 gutentor-blog-list\" id=\"c0ee5ebd-9342-4db0-961a-da6afd1f51c1\" data-gbid=\"c0ee5ebd-9342-4db0-961a-da6afd1f51c1\" >\n<div class='grid-container'><div class='grid-row' ><article class='gutentor-post'><div class=\"gutentor-post-item\"><div class=\"gutentor-post-image-box\"><div class=\"gutentor-image-thumb\"><img width=\"906\" height=\"627\" src=\"https:\/\/yerdenizkooperatifi.org\/wp-content\/uploads\/2021\/02\/gubrelik.jpg\" class=\"attachment-full size-full wp-post-image\" alt=\"\" loading=\"lazy\" srcset=\"https:\/\/yerdenizkooperatifi.org\/wp-content\/uploads\/2021\/02\/gubrelik.jpg 906w, https:\/\/yerdenizkooperatifi.org\/wp-content\/uploads\/2021\/02\/gubrelik-527x365.jpg 527w, https:\/\/yerdenizkooperatifi.org\/wp-content\/uploads\/2021\/02\/gubrelik-840x581.jpg 840w, https:\/\/yerdenizkooperatifi.org\/wp-content\/uploads\/2021\/02\/gubrelik-768x531.jpg 768w\" sizes=\"(max-width: 906px) 100vw, 906px\" \/><\/div><\/div><div class=\"gutentor-post-content\"><div class=\"gutentor-post-title-data-wrap\"><h3 class=\"gutentor-post-title\"><a href=\"https:\/\/yerdenizkooperatifi.org\/index.php\/2021\/02\/14\/gubrelik\/\" rel=\"bookmark\">G\u00dcBREL\u0130K<\/a><\/h3><\/div><\/div><\/div><\/article><article class='gutentor-post'><div class=\"gutentor-post-item\"><div class=\"gutentor-post-image-box\"><div class=\"gutentor-image-thumb\"><img width=\"1792\" height=\"2472\" src=\"https:\/\/yerdenizkooperatifi.org\/wp-content\/uploads\/2021\/02\/kesan-eskiz.jpg\" class=\"attachment-full size-full wp-post-image\" alt=\"\" loading=\"lazy\" srcset=\"https:\/\/yerdenizkooperatifi.org\/wp-content\/uploads\/2021\/02\/kesan-eskiz.jpg 1792w, https:\/\/yerdenizkooperatifi.org\/wp-content\/uploads\/2021\/02\/kesan-eskiz-265x365.jpg 265w, https:\/\/yerdenizkooperatifi.org\/wp-content\/uploads\/2021\/02\/kesan-eskiz-609x840.jpg 609w, https:\/\/yerdenizkooperatifi.org\/wp-content\/uploads\/2021\/02\/kesan-eskiz-768x1059.jpg 768w, https:\/\/yerdenizkooperatifi.org\/wp-content\/uploads\/2021\/02\/kesan-eskiz-1113x1536.jpg 1113w, https:\/\/yerdenizkooperatifi.org\/wp-content\/uploads\/2021\/02\/kesan-eskiz-1485x2048.jpg 1485w\" sizes=\"(max-width: 1792px) 100vw, 1792px\" \/><\/div><\/div><div class=\"gutentor-post-content\"><div class=\"gutentor-post-title-data-wrap\"><h3 class=\"gutentor-post-title\"><a href=\"https:\/\/yerdenizkooperatifi.org\/index.php\/2021\/02\/07\/agro-ekoloji-okulukamp-alani\/\" rel=\"bookmark\">AGRO-EKOLOJ\u0130 OKULU&#038;KAMP ALANI<\/a><\/h3><\/div><\/div><\/div><\/article><article class='gutentor-post'><div class=\"gutentor-post-item\"><div class=\"gutentor-post-image-box\"><div class=\"gutentor-image-thumb\"><img width=\"1513\" height=\"830\" src=\"https:\/\/yerdenizkooperatifi.org\/wp-content\/uploads\/2021\/02\/Sema.jpg\" class=\"attachment-full size-full wp-post-image\" alt=\"\" loading=\"lazy\" srcset=\"https:\/\/yerdenizkooperatifi.org\/wp-content\/uploads\/2021\/02\/Sema.jpg 1513w, https:\/\/yerdenizkooperatifi.org\/wp-content\/uploads\/2021\/02\/Sema-660x362.jpg 660w, https:\/\/yerdenizkooperatifi.org\/wp-content\/uploads\/2021\/02\/Sema-840x461.jpg 840w, https:\/\/yerdenizkooperatifi.org\/wp-content\/uploads\/2021\/02\/Sema-768x421.jpg 768w\" sizes=\"(max-width: 1513px) 100vw, 1513px\" \/><\/div><\/div><div class=\"gutentor-post-content\"><div class=\"gutentor-post-title-data-wrap\"><h3 class=\"gutentor-post-title\"><a href=\"https:\/\/yerdenizkooperatifi.org\/index.php\/2021\/02\/06\/eskisehir-ekokoy\/\" rel=\"bookmark\">ESK\u0130\u015eEH\u0130R EKOK\u00d6Y<\/a><\/h3><\/div><\/div><\/div><\/article><article class='gutentor-post'><div class=\"gutentor-post-item\"><div class=\"gutentor-post-image-box\"><div class=\"gutentor-image-thumb\"><img width=\"2560\" height=\"1343\" src=\"https:\/\/yerdenizkooperatifi.org\/wp-content\/uploads\/2021\/02\/6-scaled.jpg\" class=\"attachment-full size-full wp-post-image\" alt=\"\" loading=\"lazy\" srcset=\"https:\/\/yerdenizkooperatifi.org\/wp-content\/uploads\/2021\/02\/6-scaled.jpg 2560w, https:\/\/yerdenizkooperatifi.org\/wp-content\/uploads\/2021\/02\/6-660x346.jpg 660w, https:\/\/yerdenizkooperatifi.org\/wp-content\/uploads\/2021\/02\/6-840x441.jpg 840w, https:\/\/yerdenizkooperatifi.org\/wp-content\/uploads\/2021\/02\/6-768x403.jpg 768w, https:\/\/yerdenizkooperatifi.org\/wp-content\/uploads\/2021\/02\/6-1536x806.jpg 1536w, https:\/\/yerdenizkooperatifi.org\/wp-content\/uploads\/2021\/02\/6-2048x1075.jpg 2048w\" sizes=\"(max-width: 2560px) 100vw, 2560px\" \/><\/div><\/div><div class=\"gutentor-post-content\"><div class=\"gutentor-post-title-data-wrap\"><h3 class=\"gutentor-post-title\"><a href=\"https:\/\/yerdenizkooperatifi.org\/index.php\/2021\/02\/05\/elifce-kafe\/\" rel=\"bookmark\">LEYLAK KAFE<\/a><\/h3><\/div><\/div><\/div><\/article><\/div><\/div><\/section><\/div><\/div>\n\n\n\n<div id=\"col-gmc9cbdb\" class=\"wp-block-gutentor-m4-col col-gmc9cbdb gutentor-single-column  grid-lg-4 grid-md-12 grid-12\"><div id=\"section-gmc9cbdb\" class=\"section-gmc9cbdb gutentor-col-wrap\">\n<hr class=\"wp-block-separator\"\/>\n\n\n\n<p><\/p>\n<\/div><\/div>\n\n\n\n<div id=\"col-gme10174\" class=\"wp-block-gutentor-m4-col col-gme10174 gutentor-single-column  grid-lg-4 grid-md-12 grid-12\"><div id=\"section-gme10174\" class=\"section-gme10174 gutentor-col-wrap\">\n<p class=\"has-text-align-center\"><strong>Projeler<\/strong><\/p>\n\n\n<section class=\"gutentor-post-module section-62fc9900-4d6c-445d-bea3-0f93ff51d4a3 gutentor-post-module-p1 gutentor_p1_template1 gutentor-blog-list\" id=\"62fc9900-4d6c-445d-bea3-0f93ff51d4a3\" data-gbid=\"62fc9900-4d6c-445d-bea3-0f93ff51d4a3\" >\n<div class='grid-container'><div class='grid-row' ><article class='gutentor-post'><div class=\"gutentor-post-item\"><div class=\"gutentor-post-image-box\"><div class=\"gutentor-image-thumb\"><img width=\"649\" height=\"472\" src=\"https:\/\/yerdenizkooperatifi.org\/wp-content\/uploads\/2021\/02\/GA_Tasarim-eskiz.jpg\" class=\"attachment-full size-full wp-post-image\" alt=\"\" loading=\"lazy\" srcset=\"https:\/\/yerdenizkooperatifi.org\/wp-content\/uploads\/2021\/02\/GA_Tasarim-eskiz.jpg 649w, https:\/\/yerdenizkooperatifi.org\/wp-content\/uploads\/2021\/02\/GA_Tasarim-eskiz-502x365.jpg 502w\" sizes=\"(max-width: 649px) 100vw, 649px\" \/><\/div><\/div><div class=\"gutentor-post-content\"><div class=\"gutentor-post-title-data-wrap\"><h3 class=\"gutentor-post-title\"><a href=\"https:\/\/yerdenizkooperatifi.org\/index.php\/2021\/02\/14\/ga-evi\/\" rel=\"bookmark\">GA EV\u0130<\/a><\/h3><\/div><\/div><\/div><\/article><article class='gutentor-post'><div class=\"gutentor-post-item\"><div class=\"gutentor-post-image-box\"><div class=\"gutentor-image-thumb\"><img width=\"2560\" height=\"1017\" src=\"https:\/\/yerdenizkooperatifi.org\/wp-content\/uploads\/2021\/02\/ticari1edit2-scaled.jpg\" class=\"attachment-full size-full wp-post-image\" alt=\"\" loading=\"lazy\" srcset=\"https:\/\/yerdenizkooperatifi.org\/wp-content\/uploads\/2021\/02\/ticari1edit2-scaled.jpg 2560w, https:\/\/yerdenizkooperatifi.org\/wp-content\/uploads\/2021\/02\/ticari1edit2-660x262.jpg 660w, https:\/\/yerdenizkooperatifi.org\/wp-content\/uploads\/2021\/02\/ticari1edit2-840x334.jpg 840w, https:\/\/yerdenizkooperatifi.org\/wp-content\/uploads\/2021\/02\/ticari1edit2-768x305.jpg 768w, https:\/\/yerdenizkooperatifi.org\/wp-content\/uploads\/2021\/02\/ticari1edit2-1536x610.jpg 1536w, https:\/\/yerdenizkooperatifi.org\/wp-content\/uploads\/2021\/02\/ticari1edit2-2048x814.jpg 2048w\" sizes=\"(max-width: 2560px) 100vw, 2560px\" \/><\/div><\/div><div class=\"gutentor-post-content\"><div class=\"gutentor-post-title-data-wrap\"><h3 class=\"gutentor-post-title\"><a href=\"https:\/\/yerdenizkooperatifi.org\/index.php\/2021\/02\/09\/gemlik-orkent-toplu-konutlari\/\" rel=\"bookmark\">GEML\u0130K ORKENT TOPLU KONUTLARI<\/a><\/h3><\/div><\/div><\/div><\/article><article class='gutentor-post'><div class=\"gutentor-post-item\"><div class=\"gutentor-post-image-box\"><div class=\"gutentor-image-thumb\"><img width=\"2476\" height=\"1988\" src=\"https:\/\/yerdenizkooperatifi.org\/wp-content\/uploads\/2021\/02\/seferihisar_eskiz2.jpg\" class=\"attachment-full size-full wp-post-image\" alt=\"\" loading=\"lazy\" srcset=\"https:\/\/yerdenizkooperatifi.org\/wp-content\/uploads\/2021\/02\/seferihisar_eskiz2.jpg 2476w, https:\/\/yerdenizkooperatifi.org\/wp-content\/uploads\/2021\/02\/seferihisar_eskiz2-455x365.jpg 455w, https:\/\/yerdenizkooperatifi.org\/wp-content\/uploads\/2021\/02\/seferihisar_eskiz2-840x674.jpg 840w, https:\/\/yerdenizkooperatifi.org\/wp-content\/uploads\/2021\/02\/seferihisar_eskiz2-768x617.jpg 768w, https:\/\/yerdenizkooperatifi.org\/wp-content\/uploads\/2021\/02\/seferihisar_eskiz2-1536x1233.jpg 1536w, https:\/\/yerdenizkooperatifi.org\/wp-content\/uploads\/2021\/02\/seferihisar_eskiz2-2048x1644.jpg 2048w\" sizes=\"(max-width: 2476px) 100vw, 2476px\" \/><\/div><\/div><div class=\"gutentor-post-content\"><div class=\"gutentor-post-title-data-wrap\"><h3 class=\"gutentor-post-title\"><a href=\"https:\/\/yerdenizkooperatifi.org\/index.php\/2021\/02\/07\/seferihisar-kir-evleri\/\" rel=\"bookmark\">SEFER\u0130H\u0130SAR KIR EVLER\u0130<\/a><\/h3><\/div><\/div><\/div><\/article><article class='gutentor-post'><div class=\"gutentor-post-item\"><div class=\"gutentor-post-image-box\"><div class=\"gutentor-image-thumb\"><img width=\"1772\" height=\"862\" src=\"https:\/\/yerdenizkooperatifi.org\/wp-content\/uploads\/2021\/02\/eskiz_vaziyet1.jpg\" class=\"attachment-full size-full wp-post-image\" alt=\"\" loading=\"lazy\" srcset=\"https:\/\/yerdenizkooperatifi.org\/wp-content\/uploads\/2021\/02\/eskiz_vaziyet1.jpg 1772w, https:\/\/yerdenizkooperatifi.org\/wp-content\/uploads\/2021\/02\/eskiz_vaziyet1-660x321.jpg 660w, https:\/\/yerdenizkooperatifi.org\/wp-content\/uploads\/2021\/02\/eskiz_vaziyet1-840x409.jpg 840w, https:\/\/yerdenizkooperatifi.org\/wp-content\/uploads\/2021\/02\/eskiz_vaziyet1-768x374.jpg 768w, https:\/\/yerdenizkooperatifi.org\/wp-content\/uploads\/2021\/02\/eskiz_vaziyet1-1536x747.jpg 1536w\" sizes=\"(max-width: 1772px) 100vw, 1772px\" \/><\/div><\/div><div class=\"gutentor-post-content\"><div class=\"gutentor-post-title-data-wrap\"><h3 class=\"gutentor-post-title\"><a href=\"https:\/\/yerdenizkooperatifi.org\/index.php\/2021\/02\/07\/adana-ciftlik-evi\/\" rel=\"bookmark\">ADANA \u00c7\u0130FTL\u0130K EV\u0130<\/a><\/h3><\/div><\/div><\/div><\/article><\/div><\/div><\/section><\/div><\/div>\n<\/div><\/div><\/section>\n","protected":false},"excerpt":{"rendered":"<p>Uzun senelere dayanan kooperatif tecr\u00fcbemizi, sa\u011fl\u0131kl\u0131 ve adil g\u0131dan\u0131n yan\u0131s\u0131ra, bir\u00e7ok farkl\u0131 faaliyet alan\u0131na ta\u015f\u0131mak i\u00e7in 2019 senesinin Nisan ay\u0131nda<\/p>\n","protected":false},"author":1,"featured_media":0,"parent":74,"menu_order":0,"comment_status":"closed","ping_status":"closed","template":"","meta":[],"_links":{"self":[{"href":"https:\/\/yerdenizkooperatifi.org\/index.php\/wp-json\/wp\/v2\/pages\/189"}],"collection":[{"href":"https:\/\/yerdenizkooperatifi.org\/index.php\/wp-json\/wp\/v2\/pages"}],"about":[{"href":"https:\/\/yerdenizkooperatifi.org\/index.php\/wp-json\/wp\/v2\/types\/page"}],"author":[{"embeddable":true,"href":"https:\/\/yerdenizkooperatifi.org\/index.php\/wp-json\/wp\/v2\/users\/1"}],"replies":[{"embeddable":true,"href":"https:\/\/yerdenizkooperatifi.org\/index.php\/wp-json\/wp\/v2\/comments?post=189"}],"version-history":[{"count":5,"href":"https:\/\/yerdenizkooperatifi.org\/index.php\/wp-json\/wp\/v2\/pages\/189\/revisions"}],"predecessor-version":[{"id":868,"href":"https:\/\/yerdenizkooperatifi.org\/index.php\/wp-json\/wp\/v2\/pages\/189\/revisions\/868"}],"up":[{"embeddable":true,"href":"https:\/\/yerdenizkooperatifi.org\/index.php\/wp-json\/wp\/v2\/pages\/74"}],"wp:attachment":[{"href":"https:\/\/yerdenizkooperatifi.org\/index.php\/wp-json\/wp\/v2\/media?parent=189"}],"curies":[{"name":"wp","href":"https:\/\/api.w.org\/{rel}","templated":true}]}}

YerDeniz Atölye

<p>Uzun senelere dayanan kooperatif tecrübemizi, sağlıklı ve adil gıdanın yanısıra, birçok farklı faaliyet alanına taşımak için 2019 senesinin Nisan ayında YerDeniz çatısı altında biraraya geldik. </p>



<section id="gmef7a1c2" class="wp-block-gutentor-m4 section-gmef7a1c2 gutentor-module gutentor-advanced-columns"><div class="grid-container"><div class="grid-row">
<div id="col-gm36100b" class="wp-block-gutentor-m4-col col-gm36100b gutentor-single-column  grid-lg-4 grid-md-12 grid-12"><div id="section-gm36100b" class="section-gm36100b gutentor-col-wrap">
<p class="has-text-align-center"><strong>Dayanışma Projeleri</strong></p>


<section class="gutentor-post-module section-c0ee5ebd-9342-4db0-961a-da6afd1f51c1 gutentor-post-module-p1 gutentor_p1_template1 gutentor-blog-list" id="c0ee5ebd-9342-4db0-961a-da6afd1f51c1" data-gbid="c0ee5ebd-9342-4db0-961a-da6afd1f51c1" >
<div class='grid-container'><div class='grid-row' ><article class='gutentor-post'><div class="gutentor-post-item"><div class="gutentor-post-image-box"><div class="gutentor-image-thumb"><img width="906" height="627" src="https://yerdenizkooperatifi.org/wp-content/uploads/2021/02/gubrelik.jpg" class="attachment-full size-full wp-post-image" alt="" loading="lazy" srcset="https://yerdenizkooperatifi.org/wp-content/uploads/2021/02/gubrelik.jpg 906w, https://yerdenizkooperatifi.org/wp-content/uploads/2021/02/gubrelik-527x365.jpg 527w, https://yerdenizkooperatifi.org/wp-content/uploads/2021/02/gubrelik-840x581.jpg 840w, https://yerdenizkooperatifi.org/wp-content/uploads/2021/02/gubrelik-768x531.jpg 768w" sizes="(max-width: 906px) 100vw, 906px" /></div></div><div class="gutentor-post-content"><div class="gutentor-post-title-data-wrap"><h3 class="gutentor-post-title"><a href="https://yerdenizkooperatifi.org/index.php/2021/02/14/gubrelik/" rel="bookmark">GÜBRELİK</a></h3></div></div></div></article><article class='gutentor-post'><div class="gutentor-post-item"><div class="gutentor-post-image-box"><div class="gutentor-image-thumb"><img width="1792" height="2472" src="https://yerdenizkooperatifi.org/wp-content/uploads/2021/02/kesan-eskiz.jpg" class="attachment-full size-full wp-post-image" alt="" loading="lazy" srcset="https://yerdenizkooperatifi.org/wp-content/uploads/2021/02/kesan-eskiz.jpg 1792w, https://yerdenizkooperatifi.org/wp-content/uploads/2021/02/kesan-eskiz-265x365.jpg 265w, https://yerdenizkooperatifi.org/wp-content/uploads/2021/02/kesan-eskiz-609x840.jpg 609w, https://yerdenizkooperatifi.org/wp-content/uploads/2021/02/kesan-eskiz-768x1059.jpg 768w, https://yerdenizkooperatifi.org/wp-content/uploads/2021/02/kesan-eskiz-1113x1536.jpg 1113w, https://yerdenizkooperatifi.org/wp-content/uploads/2021/02/kesan-eskiz-1485x2048.jpg 1485w" sizes="(max-width: 1792px) 100vw, 1792px" /></div></div><div class="gutentor-post-content"><div class="gutentor-post-title-data-wrap"><h3 class="gutentor-post-title"><a href="https://yerdenizkooperatifi.org/index.php/2021/02/07/agro-ekoloji-okulukamp-alani/" rel="bookmark">AGRO-EKOLOJİ OKULU&#038;KAMP ALANI</a></h3></div></div></div></article><article class='gutentor-post'><div class="gutentor-post-item"><div class="gutentor-post-image-box"><div class="gutentor-image-thumb"><img width="1513" height="830" src="https://yerdenizkooperatifi.org/wp-content/uploads/2021/02/Sema.jpg" class="attachment-full size-full wp-post-image" alt="" loading="lazy" srcset="https://yerdenizkooperatifi.org/wp-content/uploads/2021/02/Sema.jpg 1513w, https://yerdenizkooperatifi.org/wp-content/uploads/2021/02/Sema-660x362.jpg 660w, https://yerdenizkooperatifi.org/wp-content/uploads/2021/02/Sema-840x461.jpg 840w, https://yerdenizkooperatifi.org/wp-content/uploads/2021/02/Sema-768x421.jpg 768w" sizes="(max-width: 1513px) 100vw, 1513px" /></div></div><div class="gutentor-post-content"><div class="gutentor-post-title-data-wrap"><h3 class="gutentor-post-title"><a href="https://yerdenizkooperatifi.org/index.php/2021/02/06/eskisehir-ekokoy/" rel="bookmark">ESKİŞEHİR EKOKÖY</a></h3></div></div></div></article><article class='gutentor-post'><div class="gutentor-post-item"><div class="gutentor-post-image-box"><div class="gutentor-image-thumb"><img width="2560" height="1343" src="https://yerdenizkooperatifi.org/wp-content/uploads/2021/02/6-scaled.jpg" class="attachment-full size-full wp-post-image" alt="" loading="lazy" srcset="https://yerdenizkooperatifi.org/wp-content/uploads/2021/02/6-scaled.jpg 2560w, https://yerdenizkooperatifi.org/wp-content/uploads/2021/02/6-660x346.jpg 660w, https://yerdenizkooperatifi.org/wp-content/uploads/2021/02/6-840x441.jpg 840w, https://yerdenizkooperatifi.org/wp-content/uploads/2021/02/6-768x403.jpg 768w, https://yerdenizkooperatifi.org/wp-content/uploads/2021/02/6-1536x806.jpg 1536w, https://yerdenizkooperatifi.org/wp-content/uploads/2021/02/6-2048x1075.jpg 2048w" sizes="(max-width: 2560px) 100vw, 2560px" /></div></div><div class="gutentor-post-content"><div class="gutentor-post-title-data-wrap"><h3 class="gutentor-post-title"><a href="https://yerdenizkooperatifi.org/index.php/2021/02/05/elifce-kafe/" rel="bookmark">LEYLAK KAFE</a></h3></div></div></div></article></div></div></section></div></div>



<div id="col-gmc9cbdb" class="wp-block-gutentor-m4-col col-gmc9cbdb gutentor-single-column  grid-lg-4 grid-md-12 grid-12"><div id="section-gmc9cbdb" class="section-gmc9cbdb gutentor-col-wrap">
<hr class="wp-block-separator"/>



<p></p>
</div></div>



<div id="col-gme10174" class="wp-block-gutentor-m4-col col-gme10174 gutentor-single-column  grid-lg-4 grid-md-12 grid-12"><div id="section-gme10174" class="section-gme10174 gutentor-col-wrap">
<p class="has-text-align-center"><strong>Projeler</strong></p>


<section class="gutentor-post-module section-62fc9900-4d6c-445d-bea3-0f93ff51d4a3 gutentor-post-module-p1 gutentor_p1_template1 gutentor-blog-list" id="62fc9900-4d6c-445d-bea3-0f93ff51d4a3" data-gbid="62fc9900-4d6c-445d-bea3-0f93ff51d4a3" >
<div class='grid-container'><div class='grid-row' ><article class='gutentor-post'><div class="gutentor-post-item"><div class="gutentor-post-image-box"><div class="gutentor-image-thumb"><img width="649" height="472" src="https://yerdenizkooperatifi.org/wp-content/uploads/2021/02/GA_Tasarim-eskiz.jpg" class="attachment-full size-full wp-post-image" alt="" loading="lazy" srcset="https://yerdenizkooperatifi.org/wp-content/uploads/2021/02/GA_Tasarim-eskiz.jpg 649w, https://yerdenizkooperatifi.org/wp-content/uploads/2021/02/GA_Tasarim-eskiz-502x365.jpg 502w" sizes="(max-width: 649px) 100vw, 649px" /></div></div><div class="gutentor-post-content"><div class="gutentor-post-title-data-wrap"><h3 class="gutentor-post-title"><a href="https://yerdenizkooperatifi.org/index.php/2021/02/14/ga-evi/" rel="bookmark">GA EVİ</a></h3></div></div></div></article><article class='gutentor-post'><div class="gutentor-post-item"><div class="gutentor-post-image-box"><div class="gutentor-image-thumb"><img width="2560" height="1017" src="https://yerdenizkooperatifi.org/wp-content/uploads/2021/02/ticari1edit2-scaled.jpg" class="attachment-full size-full wp-post-image" alt="" loading="lazy" srcset="https://yerdenizkooperatifi.org/wp-content/uploads/2021/02/ticari1edit2-scaled.jpg 2560w, https://yerdenizkooperatifi.org/wp-content/uploads/2021/02/ticari1edit2-660x262.jpg 660w, https://yerdenizkooperatifi.org/wp-content/uploads/2021/02/ticari1edit2-840x334.jpg 840w, https://yerdenizkooperatifi.org/wp-content/uploads/2021/02/ticari1edit2-768x305.jpg 768w, https://yerdenizkooperatifi.org/wp-content/uploads/2021/02/ticari1edit2-1536x610.jpg 1536w, https://yerdenizkooperatifi.org/wp-content/uploads/2021/02/ticari1edit2-2048x814.jpg 2048w" sizes="(max-width: 2560px) 100vw, 2560px" /></div></div><div class="gutentor-post-content"><div class="gutentor-post-title-data-wrap"><h3 class="gutentor-post-title"><a href="https://yerdenizkooperatifi.org/index.php/2021/02/09/gemlik-orkent-toplu-konutlari/" rel="bookmark">GEMLİK ORKENT TOPLU KONUTLARI</a></h3></div></div></div></article><article class='gutentor-post'><div class="gutentor-post-item"><div class="gutentor-post-image-box"><div class="gutentor-image-thumb"><img width="2476" height="1988" src="https://yerdenizkooperatifi.org/wp-content/uploads/2021/02/seferihisar_eskiz2.jpg" class="attachment-full size-full wp-post-image" alt="" loading="lazy" srcset="https://yerdenizkooperatifi.org/wp-content/uploads/2021/02/seferihisar_eskiz2.jpg 2476w, https://yerdenizkooperatifi.org/wp-content/uploads/2021/02/seferihisar_eskiz2-455x365.jpg 455w, https://yerdenizkooperatifi.org/wp-content/uploads/2021/02/seferihisar_eskiz2-840x674.jpg 840w, https://yerdenizkooperatifi.org/wp-content/uploads/2021/02/seferihisar_eskiz2-768x617.jpg 768w, https://yerdenizkooperatifi.org/wp-content/uploads/2021/02/seferihisar_eskiz2-1536x1233.jpg 1536w, https://yerdenizkooperatifi.org/wp-content/uploads/2021/02/seferihisar_eskiz2-2048x1644.jpg 2048w" sizes="(max-width: 2476px) 100vw, 2476px" /></div></div><div class="gutentor-post-content"><div class="gutentor-post-title-data-wrap"><h3 class="gutentor-post-title"><a href="https://yerdenizkooperatifi.org/index.php/2021/02/07/seferihisar-kir-evleri/" rel="bookmark">SEFERİHİSAR KIR EVLERİ</a></h3></div></div></div></article><article class='gutentor-post'><div class="gutentor-post-item"><div class="gutentor-post-image-box"><div class="gutentor-image-thumb"><img width="1772" height="862" src="https://yerdenizkooperatifi.org/wp-content/uploads/2021/02/eskiz_vaziyet1.jpg" class="attachment-full size-full wp-post-image" alt="" loading="lazy" srcset="https://yerdenizkooperatifi.org/wp-content/uploads/2021/02/eskiz_vaziyet1.jpg 1772w, https://yerdenizkooperatifi.org/wp-content/uploads/2021/02/eskiz_vaziyet1-660x321.jpg 660w, https://yerdenizkooperatifi.org/wp-content/uploads/2021/02/eskiz_vaziyet1-840x409.jpg 840w, https://yerdenizkooperatifi.org/wp-content/uploads/2021/02/eskiz_vaziyet1-768x374.jpg 768w, https://yerdenizkooperatifi.org/wp-content/uploads/2021/02/eskiz_vaziyet1-1536x747.jpg 1536w" sizes="(max-width: 1772px) 100vw, 1772px" /></div></div><div class="gutentor-post-content"><div class="gutentor-post-title-data-wrap"><h3 class="gutentor-post-title"><a href="https://yerdenizkooperatifi.org/index.php/2021/02/07/adana-ciftlik-evi/" rel="bookmark">ADANA ÇİFTLİK EVİ</a></h3></div></div></div></article></div></div></section></div></div>
</div></div></section>

<p>Uzun senelere dayanan kooperatif tecrübemizi, sağlıklı ve adil gıdanın yanısıra, birçok farklı faaliyet alanına taşımak için 2019 senesinin Nisan ayında</p>
